s of n.
2, 3, 7
Let w(u) = 1365*u**2 - 6*u - 2. Let h be w(-2). Suppose 2*j + h = 4*n, 4*n = 5*n + 5*j - 1340. List the prime factors of n.
3, 5, 7, 13
Let f be -1 + 2 + 221 + 2. Suppose 5*j = -5*p + f + 1386, p - 334 = -5*j. What are the prime factors of p?
11, 29
List the prime factors of ((13 - -2172)/(-5))/(-1).
19, 23
Let t(b) = -205*b + 206. Let l(m) = -204*m + 207. Let x(i) = -4*l(i) + 3*t(i). What are the prime factors of x(3)?
3, 131
What are the prime factors of (15 + -2 + -16)/(2*(-3)/16808)?
2, 11, 191
Let p(w) = w**3 + 2*w**2 + 2. Let u be p(-2). Suppose 2*k - 286 = -u*b, 3*k - 4*k = -5. What are the prime factors of b?
2, 3, 23
Let z(d) be the third derivative of 13*d**4/6 - d**3/6 + 2*d**2. Let f(g) = -3*g - 38. Let b be f(-13). What are the prime factors of z(b)?
3, 17
Suppose 0 = 2*t - 4*t + 50. Suppose 5*b - 4*x = 1657, -t*b + 26*b = -4*x + 317. What are the prime factors of b?
7, 47
Let c be 1 - 0 - (-1 + 8). Let b(t) be the third derivative of -31*t**4/24 - 16*t**3/3 + 10*t**2 + 2*t. What are the prime factors of b(c)?
2, 7, 11
Let k(w) = -23 - 27 + w + 3*w**2 + 7*w**2 + w**3. What are the prime factors of k(-8)?
2, 5, 7
Let n = -15411 - -17558. List the prime factors of n.
19, 113
Let z be (-4132)/20 - (-4)/(-10). Let c = 427 + z. Suppose -4*u + c = -2*u. List the prime factors of u.
2, 5, 11
Suppose -1034742 = -47*z - 111*z. What are the prime factors of z?
3, 37, 59
Let f(z) = 2*z**3 - z**2 - 99*z + 86. What are the prime factors of f(28)?
2, 3, 23, 293
Let n(w) be the first derivative of w**3/3 + 5*w**2/2 - 6*w + 28. Let f be n(-5). What are the prime factors of f/4*256/(-6)?
2
Suppose -3*y - t + 43049 = 0, 71725 = 5*y + 17*t - 12*t. List the prime factors of y.
2, 3, 13, 23
Suppose 10*o = -5*r + 5*o - 10, o = -5. Suppose 2*q - r*g = -0*g + 73, -3*g + 50 = q. What are the prime factors of q?
41
Let o(r) = -7*r - 481. Let g(d) = -6*d - 480. Let u(l) = -4*g(l) + 3*o(l). Let t be u(0). Suppose 4*q = 5*a - t, -2 = q - 4. List the prime factors of a.
97
Let d(i) = 3*i**3 + 91*i**2 - 1341*i - 32. List the prime factors of d(17).
131, 139
Let t = -117 - -120. Suppose -2*s - t*f + 620 = 0, 491 = 5*s + f - 1072. What are the prime factors of s?
313
Let j(i) = -79*i - 8. Let n be j(-4). Suppose 6*q - 2*q - n = -b, -5*q + 385 = -b. What are the prime factors of q?
7, 11
What are the prime factors of (86 + -58)*(-1451)/(-4)?
7, 1451
Suppose 2557*r + 4405 = 2558*r. What are the prime factors of r?
5, 881
Let c = 176593 + -120833. What are the prime factors of c?
2, 5, 17, 41
Let q = -648 - -656. Suppose 0 = q*g - 2446 - 1242. List the prime factors of g.
461
Let m = 39 + -36. Let z be (-2 - (-5)/m)/((-3)/36). What are the prime factors of z - -106 - (1 + -2)?
3, 37
Suppose -117217 = -5*t + 7*c, 36*c = -3*t + 38*c + 70317. What are the prime factors of t?
5, 43, 109
Let m = -197 - -206. Let l(t) = -t**3 + 9*t**2 - t + 32. List the prime factors of l(m).
23
Let z(v) = 11796*v**2 + 85*v - 172. List the prime factors of z(2).
2, 31, 761
Let m(r) = 42*r - 107. Let o be m(24). Let q = o - 510. What are the prime factors of q?
17, 23
Suppose -30317*i = -30322*i + 41040. What are the prime factors of i?
2, 3, 19
Suppose 2*a - 226809 = -3*a - 4*a. List the prime factors of a.
11, 29, 79
Let v(p) = -248*p**2 + 254*p**2 - 1 - 9 - 29*p. What are the prime factors of v(12)?
2, 11, 23
Suppose 0 = 5*k - w - 44699, 40*w + 12 = 37*w. List the prime factors of k.
7, 1277
Let n(q) be the second derivative of -q**5/20 + q**4/2 - q**3/6 + 8*q**2 + 11*q. Let h be n(6). Suppose h*s = 9*s + 89. What are the prime factors of s?
89
Let w(b) = -3*b - 13. Suppose 0 = -4*m + 8*m + 24. Let g be w(m). Suppose -5*q + 0*q - 61 = -4*k, k - 19 = g*q. What are the prime factors of k?
2, 7
Let c(x) = -x - 1. Let r be c(-4). Suppose -r + 5 = a. Suppose 3*p - 5*p - 2*q + 182 = 0, 0 = -a*q. What are the prime factors of p?
7, 13
Let y be (52/13)/(2/(-20)). Let c = 39 + y. List the prime factors of (5 - (3 + c)) + 7.
2, 5
Let h(n) = 24*n**3 + 13*n**2 - 3*n - 1. Let r be h(3). Suppose 6*c + r - 2951 = 0. What are the prime factors of c?
2, 3, 61
Suppose g = -4*k + 11420, -58*g - 3*k - 11448 = -59*g. List the prime factors of g.
2, 3, 953
Let q(s) = 16*s**3 + 3*s**2 + 19*s - 39. Suppose 8 = 2*w + 4*z - 0, 2*w = 4*z. List the prime factors of q(w).
139
Let u = 1127 - 636. Let k = u - 412. What are the prime factors of k?
79
Let x = 26458 - 18587. List the prime factors of x.
17, 463
Let s(g) = 4*g - 17. Suppose 0 = 2*p + 3*p - 95. Let b be s(p). Suppose -r = -0*r - b. What are the prime factors of r?
59
Let p(o) = 5*o**3 - 23*o**2 - 30*o + 25. Let i(x) = x**3 - x**2 - x. Let h(g) = 4*i(g) - p(g). List the prime factors of h(20).
5, 19
Let v(l) = l + 28. Let a be v(-13). Suppose -3*b + 0*s + a = 5*s, 0 = -b - 3*s + 9. Suppose 511 = 7*j - b*j. What are the prime factors of j?
73
Let x be 7/((-14)/12)*(-27646)/69. Suppose 0 = -5*q + 3*v + x, -955 = -2*q - 0*v - v. List the prime factors of q.
479
Suppose -5*m - 1284 = -4*t, -148 = 4*m + 2*t + 900. Let j = 914 + m. What are the prime factors of j?
2, 3, 109
Let s(x) = -9*x**2 + 7*x + 20. Let p be s(-6). Let q = p - -592. What are the prime factors of q?
2, 3, 41
Let l(k) = k**2 + 25*k - 24. Let r be l(-17). What are the prime factors of (-18)/54 - (-4)/(-6) - r?
3, 53
Suppose 0 = -w + b - 1443, -5*b + 4*b + 7195 = -5*w. Let s = w + 2109. What are the prime factors of s?
11, 61
Let c be 1 - (-1 + 13 - 4) - 2. Let o = c + 10. What are the prime factors of (-7 + 5)/(((-2)/124)/o)?
2, 31
Let a = -618 - -5465. What are the prime factors of a?
37, 131
Suppose 48 - 12 = 9*b. Let x(m) = -b + 2 - 4 + 10 - 4*m. List the prime factors of x(-15).
2
Let a = 397 - 590. Let o = 256 + a. What are the prime factors of o?
3, 7
Let n(k) = 227*k**2 + 66*k + 46. List the prime factors of n(11).
3, 9413
Let j = -5191 + 8332. What are the prime factors of -5 - (j/(-7) - (-26)/(-91))?
2, 3, 37
Suppose -10*u + 18*u - 38572 = 7*u. List the prime factors of u.
2, 9643
Let x(p) = -p**3 - 9*p**2 + 5*p + 9. Let l(z) = -18*z**2 - 2*z**3 - 4 + 4 + 18 + 4*z + 7*z. Let g(h) = -3*l(h) + 5*x(h). List the prime factors of g(-9).
3, 7
Suppose 4*i - 84 = 32*i. Suppose 2*c + 8 = -2*c. What are the prime factors of 165/c*(5/3 + i)?
2, 5, 11
Suppose -254 = 13*l + 71. Let g(m) = m + 132. List the prime factors of g(l).
107
Suppose 0 = -5*u - 3*x + 41, -x = u + 2*x - 13. List the prime factors of (u/4)/((-4)/(-80)).
5, 7
Let y(i) = 2329*i + 689. List the prime factors of y(6).
11, 31, 43
Suppose i = 984 - 9. Suppose 14*l - 13*l = i. Suppose -10*h + l = -5*h. What are the prime factors of h?
3, 5, 13
Suppose 0 = 104*b + 229*b - 67*b - 2057244. What are the prime factors of b?
2, 3, 1289
Let q(r) = -r - 1. Let o(d) = d**2 - 15*d + 14. Let a(s) = o(s) - 4*q(s). Suppose 10*g = 5*g + 60. What are the prime factors of a(g)?
2, 3, 5
Suppose 41*y - 242 = 30*y. Suppose y*k - 1580 = 17*k. What are the prime factors of k?
2, 79
Suppose 0 = 2*t + 2 + 4, 0 = -s + t + 506. Suppose -3*v + s = -2*v - 5*p, p - 515 = -v. List the prime factors of v.
3, 19
Let f be (2 + -35)/((-9)/12). Suppose -4*z - 4*w - f = 0, -3*w - 13 = -2*z + 2*w. Let j(s) = 2*s**2 - s + 5. What are the prime factors of j(z)?
83
Let q(x) = -4*x**3 + x**2 + 4*x + 67. What are the prime factors of q(-7)?
2, 5, 73
Let z(w) = -3*w. Let l be z(0). Suppose 5*p = -3*a - 9, -2*p = 2*a - l*a + 2. Suppose 5*d - 2*d - 310 = 2*j, -a*d = 4*j - 196. List the prime factors of d.
2, 3, 17
Let v(o) be the second derivative of o**4/2 + 11*o**3/6 - 9*o**2 + 84*o. Suppose -4*j + 7 = -17. What are the prime factors of v(j)?
2, 3, 11
Suppose 10*i - 3568500 = -80*i. What are the prime factors of i?
2, 5, 13, 61
Suppose -1716*j = -1649*j - 794687. What are the prime factors of j?
29, 409
Let t be (9 + -9)/((-1 + 0)*-2). Let s(a) = a**3 - a**2 + 2*a - 170. Let n be s(t). Let m = -87 - n. List the prime factors of m.
83
Suppose 0*v = -4*v + 8. Suppose -3 = -b, 2*w + 2*w - v*b = 642. Suppose 3*k - 201 = w. What are the prime factors of k?
11
Suppose -20*h = -17*h + 972. What are the prime factors of 9/(h/(-5212)) + 4/18?
5, 29
Let r = 70233 - 14411. List the prime factors of r.
2, 13, 19, 113
Let k(v) = 23*v**2 + 8*v + 90. List the prime fa